, what is -a + -3829?
-3838
In base 8, what is -2435 - 6?
-2443
In base 13, what is -66 + -27c7?
-2860
In base 13, what is 11933 - -3?
11936
In base 16, what is -1 + -27c?
-27d
In base 8, what is -13 - 753453?
-753466
In base 12, what is -a3 + -8605?
-86a8
In base 9, what is -36354 - 4?
-36358
In base 10, what is 777 + -4?
773
In base 11, what is -176 + 125?
-51
In base 16, what is 2a7 + -36?
271
In base 16, what is 17 - 11c12?
-11bfb
In base 3, what is 12 + 1000102200020?
1000102200102
In base 12, what is -1b225 + -1?
-1b226
In base 11, what is -5a3a - 3?
-5a42
In base 14, what is 1c519 + -33?
1c4c6
In base 15, what is -1 - -11712?
11711
In base 4, what is 203 - 102123?
-101320
In base 6, what is 5120 + 21?
5141
In base 16, what is -34 - -275?
241
In base 7, what is 105 + 5603?
6011
In base 13, what is 7 + 48a41?
48a48
In base 6, what is -1 - -10332535?
10332534
In base 6, what is -10 - 240105?
-240115
In base 4, what is -2 + 1313220223?
1313220221
In base 13, what is 241 - a?
234
In base 11, what is 3 - -21418?
21420
In base 3, what is -1211110 + 1002201?
-201202
In base 3, what is 0 + -201010012?
-201010012
In base 6, what is -13354455 + 4?
-13354451
In base 6, what is -105 + 1215014?
1214505
In base 11, what is -12 - 40080?
-40092
In base 12, what is 67a1 + -148?
6655
In base 14, what is 4635 - 12?
4623
In base 15, what is -67d - 6?
-684
In base 2, what is 1010110001 + 100011?
1011010100
In base 14, what is 1332 - 19?
1317
In base 7, what is 1543 - -24566?
26442
In base 10, what is -6763 + -7?
-6770
In base 12, what is 1 - 626952?
-626951
In base 9, what is -17 + -1771?
-1788
In base 13, what is 1 + -77a?
-779
In base 15, what is -187 + -b?
-193
In base 15, what is 3 - 35c0?
-35bc
In base 6, what is 5 + 1420555?
1421004
In base 12, what is 1244 - 411?
a33
In base 4, what is -13 - -11311?
11232
In base 5, what is -1114400 + 31?
-1114314
In base 3, what is 110021002110 - -12?
110021002122
In base 3, what is 112112201 + 10021?
112122222
In base 2, what is -110110001 - -1111?
-110100010
In base 14, what is 4 + 14ad2?
14ad6
In base 7, what is 211 + 1624?
2135
In base 2, what is -1000100 + -110111110?
-1000000010
In base 13, what is 323 - -64?
387
In base 5, what is 2123 - -1231?
3404
In base 14, what is -90 + 13a2?
1312
In base 8, what is 1 - -1557372?
1557373
In base 11, what is -12165 + -4?
-12169
In base 8, what is 10 + 423305?
423315
In base 6, what is 11342534 - 1?
11342533
In base 16, what is 660 - 4f?
611
In base 15, what is 4 - 22349c?
-223498
In base 16, what is 5 + -91f7?
-91f2
In base 3, what is 12221200211 - -1?
12221200212
In base 7, what is -1243 + 10?
-1233
In base 2, what is -1111111111111010 - 0?
-1111111111111010
In base 10, what is -18 - -1554?
1536
In base 9, what is 538250 + 4?
538254
In base 11, what is 9a365 + -4?
9a361
In base 6, what is 142 + 50503?
51045
In base 16, what is -1c2 + -216?
-3d8
In base 16, what is -584b - 4c?
-5897
In base 16, what is -3 - 5fde?
-5fe1
In base 16, what is f - 25fb?
-25ec
In base 8, what is 45346 - 3?
45343
In base 2, what is -10 - -100001011101000110?
100001011101000100
In base 4, what is -2012220 + -11?
-2012231
In base 15, what is 4e21 + -4?
4e1c
In base 9, what is 1 + 462?
463
In base 7, what is -1340 - 120?
-1460
In base 7, what is -314 - 41?
-355
In base 10, what is 1354316 + -7?
1354309
In base 8, what is -121466 + 5?
-121461
In base 4, what is 1221 - -132001?
133222
In base 13, what is 351c + 1?
3520
In base 3, what is 221 - 1201220?
-1200222
In base 5, what is -1232 + 204?
-1023
In base 10, what is 403 + 85?
488
In base 3, what is 10 - -1002122002?
1002122012
In base 9, what is -2348 + -110?
-2458
In base 11, what is 1 + 153176?
153177
In base 10, what is -46 - -446?
400
In base 13, what is a - -242b?
2438
In base 8, what is -5 + -11070?
-11075
In base 13, what is 2259 + -15?
2244
In base 4, what is 131022 + -131002?
20
In base 13, what is 3 + 2c848?
2c84b
In base 8, what is -325 + -446?
-773
In base 15, what is -30 - -192?
162
In base 5, what is 10 - -10414314?
10414324
In base 9, what is 3701437 - 0?
3701437
In base 7, what is 5605656 + 1?
5605660
In base 8, what is -7 + -536350?
-536357
In base 6, what is 12 - 444100?
-444044
In base 7, what is 2 - 112321?
-112316
In base 12, what is -16a - -a8?
-82
In base 14, what is 1111 + -6c?
1083
In base 7, what is 3 - 211513?
-211510
In base 2, what is 10 + -1101100001111001110?
-1101100001111001100
In base 5, what is 1230 + 201?
1431
In base 11, what is 92 - -4a8?
58a
In base 7, what is -20460606 - -1?
-20460605
In base 13, what is -16233 + -4?
-16237
In base 16, what is -3d2 + 77c?
3aa
In base 2, what is 11 - 1100100001001?
-1100100000110
In base 16, what is -4dd + -18?
-4f5
In base 6, what is -1232043 + 0?
-1232043
In base 10, what is 86 - -677?
763
In base 14, what is -17 + 1b92?
1b79
In base 11, what is 6a60 - -5?
6a65
In base 12, what is 12 + 2a7?
2b9
In base 13, what is 43 - -2819?
285c
In base 3, what is 102212121 + 12?
102212210
In base 13, what is 24a45a + 2?
24a45c
In base 3, what is -1 - -210222?
210221
In base 10, what is -11396 - 1?
-11397
In base 4, what is 100132211 - 3?
100132202
In base 5, what is -4 + 10334132?
10334123
In base 8, what is 2 + -2024?
-2022
In base 2, what is 1 - 111101110001100?
-111101110001011
In base 3, what is 0 - -10111102?
10111102
In base 11, what is -9a + 6995?
68a6
In base 6, what is -1154 - 5010?
-10204
In base 16, what is -29 - 628?
-651
In base 16, what is -10b4 + -e5?
-1199
In base 9, what is 122515 - 0?
122515
In base 8, what is 20777 + 6?
21005
In base 12, what is 5a + -866?
-808
In base 10, what is 79 - -11982?
12061
In base 13, what is 17c - -6b?
21a
In base 10, what is -81 + 1494?
1413
In base 5, what is -3114 - 103140?
-111304
In base 4, what is 3300302 + -23?
3300213
In base 13, what is 4 - -195b3?
195b7
In base 13, what is 7 - -4035?
403c
In base 10, what is -7032 + 557?
-6475
In base 15, what is -1c9 + -86?
-260
In base 5, what is -301144 + -2?
-301201
In base 2, what is -1001001111001 - -11111?
-1001001011010
In base 16, what is bbd8 - -5?
bbdd
In base 9, what is 1612 - 152?
1450
In base 14, what is -14 + 6b13?
6add
In base 14, what is 83 + -3ad?
-32a
In base 12, what is 10 + 1808?
1818
In base 13, what is -11bb18 + -2?
-11bb1a
In base 14, what is -42 - 91b9?
-921b
In base 6, what is -125254003 + 5?
-125253554
In base 5, what is -123 - 1321?
-1444
In base 10, what is 1244 - 361?
883
In base 8, what is 5 + 10637?
10644
In base 3, what is 1001202002 + -1202?
1001200100
In base 8, what is -21 + 415641?
415620
In base 12, what is -319 + -94a?
-1067
In base 3, what is -10200 + -200?
-11100
In base 9, what is -2 - 2537685?
-2537687
In base 15, what is -248b + -5?
-2491
In base 6, what is -103132 + -45?
-103221
In base 11, what is 9531a5 - 1?
9531a4
In base 3, what is -1 + -222102222102?
-222102222110
In base 13, what is -55c79 + 1?
-55c78
In base 3, what is 1 - -2212?
2220
In base 16, what is -1ad6 + d?
-1ac9
In base 2, what is -1000101 + 10100101001?
10011100100
In base 15, what is 2a0b4 + -4?
2a0b0
In base 15, what is -421 - a?
-42b
In base 16, what is -5e - 92?
-f0
In base 15, what is 4 + 12e38?
12e3c
In base 2, what is 111111001011010111 + -100?
111111001011010011
In base 13, what is -47 + 212?
198
In base 7, what is 10 - 2066536?
-2066526
In base 8, what is 36 - -110343?
110401
In base 3, what is -211011211 - -102101?
-210202110
In base 9, what is -133442 - 0?
-133442
In base 10, what is -4 - -1683?
1679
In base 8, what is -56701 + 3?
-56676
In base 4, what is 31310 - 30?
31220
In base 12, what is -2566 + -b?
-2575
In base 8, what is -160 + 1166?
1006
In base 8, what is -47 - 4653?
-4722
In base 15, what is 11 + -5e4a?
-5e39
In base 11, what is -56 + 1156?
1100
In base 13, what is 19 - 1a83?
-1a67
In base 6, what is 5015012 + -3?
5015005
In base 9, what is 7621 + 5?
7626
In base 6, what is 1343041 + 12?
1343053
In base 3, what is 112210211 - 10?
112210201
In base 8, what is -3 + -12432?
-12435
In base 3, what is 20221221 + -100?
20221121
In base 3, what is 201 + 10122000?
10122201
In base 7, what is 1431 + 21?
1452
In base 10, what is 6 - 989?
-983
In base 2, what is -100010 + 101010111100?
101010011010
In base 11, what is 2a3a6 - 8?
2a399
In base 5, what is -20 - 100222?
-1002